divisor of 8299858 and 259?
7
Calculate the greatest common factor of 33396269 and 682.
31
Calculate the highest common factor of 309770541 and 9.
9
What is the highest common factor of 4013472 and 14182176?
9312
What is the greatest common factor of 30629 and 66316?
281
Calculate the highest common factor of 77 and 4580177.
7
Calculate the greatest common divisor of 8236959 and 3897.
1299
What is the greatest common divisor of 17673556 and 84?
4
Calculate the greatest common divisor of 2959 and 4617943.
11
What is the highest common factor of 2129337 and 70299?
657
Calculate the highest common divisor of 695551 and 115168.
59
What is the greatest common factor of 221871 and 20943?
39
What is the highest common divisor of 12110 and 3795620?
1730
Calculate the highest common factor of 56712 and 125052.
204
Calculate the greatest common divisor of 5329 and 20705647.
73
Calculate the highest common factor of 31815 and 5266746.
909
Calculate the greatest common divisor of 245525 and 10159675.
575
What is the greatest common factor of 1863 and 923319?
81
Calculate the highest common factor of 129 and 25605124.
43
Calculate the greatest common divisor of 70847381 and 22473.
2497
Calculate the highest common factor of 3201 and 3897674.
11
What is the highest common divisor of 90875 and 2788045?
3635
Calculate the greatest common divisor of 2747224 and 4718.
674
What is the highest common divisor of 171 and 1827933?
57
Calculate the highest common factor of 28950 and 22905.
15
What is the greatest common factor of 1923506 and 334?
334
What is the greatest common divisor of 6071303 and 596?
149
Calculate the highest common factor of 509435417 and 14734.
7367
Calculate the highest common factor of 266252 and 968660.
1036
Calculate the highest common divisor of 2648 and 184328.
8
What is the highest common divisor of 167 and 3014183?
167
What is the highest common divisor of 2436 and 19261452?
2436
What is the greatest common divisor of 33276 and 18388092?
564
Calculate the greatest common divisor of 1160 and 38278666.
58
Calculate the highest common factor of 507 and 224019133.
169
Calculate the greatest common divisor of 1587 and 183149.
23
What is the highest common divisor of 2596380 and 1466121?
1191
Calculate the highest common factor of 500346 and 6853.
77
What is the greatest common factor of 544 and 45826016?
544
Calculate the greatest common divisor of 13070638 and 5094.
566
What is the greatest common divisor of 1198 and 845789198?
1198
Calculate the highest common divisor of 1133921 and 236.
59
Calculate the greatest common factor of 799582464 and 6912.
2304
Calculate the highest common factor of 608 and 740896.
32
Calculate the greatest common divisor of 32196606 and 53040.
1326
What is the greatest common divisor of 1984 and 5992672?
992
Calculate the greatest common divisor of 102997024 and 45216.
5024
What is the greatest common divisor of 3514 and 24765166?
502
What is the highest common divisor of 885 and 676798971?
177
Calculate the highest common divisor of 982107 and 413.
7
Calculate the highest common divisor of 7687656 and 414.
18
Calculate the greatest common divisor of 78 and 843618.
6
What is the highest common divisor of 10643 and 2666318?
29
Calculate the greatest common factor of 1386 and 5662503.
693
Calculate the highest common factor of 7286183268 and 18291.
18291
What is the greatest common divisor of 436448 and 71576?
184
Calculate the highest common divisor of 13528761 and 2001.
2001
Calculate the highest common factor of 988225 and 55.
5
Calculate the highest common factor of 135 and 4132809.
27
Calculate the highest common factor of 2553134 and 3925.
157
What is the highest common divisor of 20893527 and 765?
153
Calculate the highest common factor of 924750 and 39150.
1350
What is the highest common divisor of 9633 and 5694?
39
What is the highest common factor of 10788 and 656444?
116
Calculate the greatest common divisor of 1084914 and 10498.
362
Calculate the highest common divisor of 45570 and 2259714.
186
What is the highest common factor of 6524461 and 1434?
239
Calculate the highest common divisor of 7752 and 1384378.
646
What is the highest common divisor of 720 and 1475262?
18
What is the highest common factor of 634501 and 11753?
161
Calculate the highest common divisor of 8697332 and 4698.
58
What is the highest common factor of 4730650 and 650?
50
Calculate the greatest common factor of 1212700 and 329420.
3620
What is the highest common factor of 11867956 and 3860?
772
What is the greatest common divisor of 14976736 and 96?
32
Calculate the greatest common factor of 29052012 and 156.
12
Calculate the highest common divisor of 228022966 and 414.
46
What is the greatest common divisor of 2491593 and 2639?
377
Calculate the highest common factor of 3592 and 44632.
8
What is the highest common divisor of 67135568 and 80?
16
Calculate the greatest common divisor of 219 and 518490457.
73
What is the greatest common factor of 12272 and 797056?
208
Calculate the greatest common factor of 1940 and 63677105.
485
Calculate the greatest common divisor of 14 and 18320714.
2
Calculate the greatest common divisor of 305 and 38564627.
61
Calculate the highest common factor of 5848722 and 271.
271
What is the greatest common divisor of 39735828 and 13266?
198
Calculate the highest common divisor of 502153949 and 22.
11
What is the greatest common factor of 167522417 and 59?
59
What is the greatest common divisor of 27 and 776778849?
27
Calculate the highest common factor of 4724 and 1305593138.
2362
What is the highest common divisor of 560945 and 987?
329
Calculate the greatest common divisor of 413906277 and 417.
417
What is the greatest common divisor of 5948 and 134336?
4
Calculate the highest common factor of 11640 and 3699386.
194
What is the greatest common factor of 2526592 and 6400?
128
Calculate the highest common divisor of 45035902 and 106.
106
What is the greatest common factor of 59133 and 13133?
23
Calculate the greatest common divisor of 3720 and 2428290.
30
Calculate the highest common divisor of 74882930 and 23095.
745
What is the greatest common factor of 13446056 and 104?
104
What is the greatest common factor of 207024 and 5568?
48
Calculate the highest common factor of 291560 and 7326.
74
Calculate the greatest common divisor of 276264 and 34308.
36
Calculate the highest common divisor of 3198 and 104851227.
1599
What is the greatest common divisor of 48 and 1705110?
6
What is the greatest common divisor of 6270 and 10288410?
330
What is the greatest common factor of 802 and 5929?
1
What is the greatest common factor of 645 and 24956985?
645
Calculate the greatest common divisor of 8412 and 1203617.
701
Calculate the highest common divisor of 1515540426 and 92.
46
What is the highest common divisor of 4700 and 3961400?
100
What is the greatest common factor of 55510 and 63867?
61
Calculate the greatest common factor of 2292721 and 110338.
1283
What is the highest common factor of 3440010 and 360?
30
Calculate the highest common divisor of 11800748 and 938389.
6751
What is the highest common factor of 97338 and 7494?
6
What is the greatest common divisor of 128043352 and 1624?
232
What is the greatest common divisor of 3373843 and 32549?
121
Calculate the greatest common factor of 93 and 45982641.
93
What is the greatest common factor of 6624558 and 4623?
201
Calculate the greatest common factor of 7280 and 11987248.
1456
Calculate the greatest common divisor of 1911429 and 1612.
403
Calculate the greatest common factor of 12128486 and 5726.
818
What is the greatest common divisor of 1504 and 3836657?
47
What is the highest common divisor of 863892 and 1164?
12
Calculate the greatest common factor of 199096 and 7240296.
4856
Calculate the greatest common factor of 365 and 3124254.
73
Calculate the highest common factor of 105 and 55373010.
105
Calculate the highest common factor of 2794824 and 361.
19
What is the greatest common divisor of 14464 and 1578384?
1808
Calculate the greatest common divisor of 16973334 and 1134.
378
What is the highest common divisor of 19320336 and 2646?
378
What is the greatest common divisor of 22370572 and 7344?
68
What is the highest common factor of 338221260 and